{"id":8,"date":"2025-07-09T16:50:09","date_gmt":"2025-07-09T16:50:09","guid":{"rendered":"https:\/\/clio.usherbrooke.ca\/ecole2025\/?page_id=8"},"modified":"2025-11-05T02:06:46","modified_gmt":"2025-11-05T02:06:46","slug":"accueil","status":"publish","type":"page","link":"https:\/\/clio.usherbrooke.ca\/ecole2025\/","title":{"rendered":"Accueil"},"content":{"rendered":"<p>[et_pb_section fb_built=&#8221;1&#8243; custom_padding_last_edited=&#8221;on|desktop&#8221; next_background_color=&#8221;#000000&#8243; admin_label=&#8221;Section&#8221; _builder_version=&#8221;4.27.4&#8243; _module_preset=&#8221;default&#8221; background_image=&#8221;https:\/\/clio.usherbrooke.ca\/ecole2025\/wp-content\/uploads\/2025\/10\/Stanstead.jpg&#8221; parallax=&#8221;on&#8221; parallax_method=&#8221;off&#8221; positioning=&#8221;none&#8221; position_origin_a_tablet=&#8221;&#8221; position_origin_a_phone=&#8221;&#8221; position_origin_a_last_edited=&#8221;on|desktop&#8221; position_origin_f_tablet=&#8221;&#8221; position_origin_f_phone=&#8221;&#8221; position_origin_f_last_edited=&#8221;on|desktop&#8221; position_origin_r_tablet=&#8221;&#8221; position_origin_r_phone=&#8221;&#8221; position_origin_r_last_edited=&#8221;on|desktop&#8221; height=&#8221;800px&#8221; height_tablet=&#8221;550px&#8221; height_phone=&#8221;550px&#8221; height_last_edited=&#8221;on|phone&#8221; custom_margin=&#8221;||||false|false&#8221; custom_padding=&#8221;0px||0px||false|false&#8221; custom_padding_tablet=&#8221;0px||||false|false&#8221; custom_padding_phone=&#8221;0px||||false|false&#8221; bottom_divider_style=&#8221;arrow3&#8243; positioning_tablet=&#8221;none&#8221; positioning_phone=&#8221;none&#8221; positioning_last_edited=&#8221;on|phone&#8221; z_index_tablet=&#8221;&#8221; z_index_phone=&#8221;&#8221; z_index_last_edited=&#8221;on|phone&#8221; sticky_position_tablet=&#8221;&#8221; sticky_position_phone=&#8221;&#8221; sticky_position_last_edited=&#8221;on|desktop&#8221; global_colors_info=&#8221;{}&#8221;][et_pb_row use_custom_gutter=&#8221;on&#8221; custom_padding_last_edited=&#8221;on|phone&#8221; _builder_version=&#8221;4.27.4&#8243; _module_preset=&#8221;default&#8221; background_color=&#8221;rgba(0,0,0,0.85)&#8221; width=&#8221;100%&#8221; max_width=&#8221;100%&#8221; min_height=&#8221;850px&#8221; custom_margin=&#8221;||||false|false&#8221; custom_padding=&#8221;||||false|false&#8221; custom_padding_tablet=&#8221;40px||||false|false&#8221; custom_padding_phone=&#8221;30px||||false|false&#8221; mix_blend_mode=&#8221;multiply&#8221; global_colors_info=&#8221;{}&#8221;][et_pb_column type=&#8221;4_4&#8243; _builder_version=&#8221;4.27.4&#8243; _module_preset=&#8221;default&#8221; global_colors_info=&#8221;{}&#8221;][et_pb_text _builder_version=&#8221;4.27.4&#8243; _module_preset=&#8221;default&#8221; text_text_color=&#8221;#000000&#8243; header_font=&#8221;|800|||||||&#8221; header_text_align=&#8221;center&#8221; header_text_color=&#8221;#FFFFFF&#8221; header_font_size=&#8221;80px&#8221; background_color=&#8221;RGBA(255,255,255,0)&#8221; custom_margin=&#8221;200px||||false|false&#8221; custom_margin_tablet=&#8221;0px|||0px|false|false&#8221; custom_margin_phone=&#8221;18px|||0px|false|false&#8221; custom_margin_last_edited=&#8221;on|phone&#8221; custom_padding=&#8221;0px|||0px|false|false&#8221; header_font_size_tablet=&#8221;75px&#8221; header_font_size_phone=&#8221;45px&#8221; header_font_size_last_edited=&#8221;on|phone&#8221; header_text_shadow_style=&#8221;preset5&#8243; header_text_shadow_color=&#8221;#000000&#8243; global_colors_info=&#8221;{}&#8221; header_letter_spacing__hover_enabled=&#8221;on|desktop&#8221;]<\/p>\n<h1>LES COMMUNAUT\u00c9S W8BANAKIAK<\/h1>\n<h1>AU XIXe SI\u00c8CLE<\/h1>\n<p>[\/et_pb_text][et_pb_text _builder_version=&#8221;4.27.4&#8243; _module_preset=&#8221;default&#8221; header_text_align=&#8221;center&#8221; header_font_size=&#8221;65px&#8221; header_2_font=&#8221;|800|||||||&#8221; header_2_text_align=&#8221;center&#8221; header_2_text_color=&#8221;#FFFFFF&#8221; header_2_font_size=&#8221;58px&#8221; custom_margin=&#8221;-46px||||false|false&#8221; custom_margin_tablet=&#8221;0px|||0px|false|false&#8221; custom_margin_phone=&#8221;|||0px|false|false&#8221; custom_margin_last_edited=&#8221;on|phone&#8221; custom_padding=&#8221;0px|||0px|false|false&#8221; header_2_font_size_tablet=&#8221;40px&#8221; header_2_font_size_phone=&#8221;28px&#8221; header_2_font_size_last_edited=&#8221;on|tablet&#8221; header_2_text_shadow_style=&#8221;preset5&#8243; header_2_text_shadow_color=&#8221;#000000&#8243; global_colors_info=&#8221;{}&#8221; header_letter_spacing__hover_enabled=&#8221;on|desktop&#8221;]<\/p>\n<h2><span style=\"color: #A63D40;\">I<\/span>nitiations, <span style=\"color:#A63D40;\">A<\/span>daptations, <span style=\"color: #A63D40;\">R<\/span>\u00e9sistances<\/h2>\n<p>[\/et_pb_text][et_pb_icon font_icon=&#8221;&#x37;||divi||400&#8243; icon_color=&#8221;#ffffff&#8221; _builder_version=&#8221;4.27.4&#8243; _module_preset=&#8221;default&#8221; custom_margin=&#8221;||||false|false&#8221; custom_margin_tablet=&#8221;|||0px|false|false&#8221; custom_margin_phone=&#8221;|0px|||false|false&#8221; custom_margin_last_edited=&#8221;on|phone&#8221; global_colors_info=&#8221;{}&#8221;][\/et_pb_icon][\/et_pb_column][\/et_pb_row][\/et_pb_section][et_pb_section fb_built=&#8221;1&#8243; _builder_version=&#8221;4.27.4&#8243; _module_preset=&#8221;default&#8221; background_color=&#8221;#000000&#8243; min_height=&#8221;239px&#8221; custom_padding=&#8221;0px||||false|false&#8221; bottom_divider_style=&#8221;arrow3&#8243; bottom_divider_color=&#8221;#FEF7E8&#8243; global_colors_info=&#8221;{}&#8221;][et_pb_row column_structure=&#8221;1_5,1_5,1_5,1_5,1_5&#8243; custom_padding_last_edited=&#8221;on|desktop&#8221; _builder_version=&#8221;4.27.4&#8243; _module_preset=&#8221;default&#8221; width=&#8221;35%&#8221; custom_margin=&#8221;||||false|false&#8221; custom_padding=&#8221;65px||140px||false|false&#8221; custom_padding_tablet=&#8221;|||0px|false|false&#8221; custom_padding_phone=&#8221;|||0px|false|false&#8221; global_colors_info=&#8221;{}&#8221;][et_pb_column type=&#8221;1_5&#8243; _builder_version=&#8221;4.27.4&#8243; _module_preset=&#8221;default&#8221; global_colors_info=&#8221;{}&#8221;][et_pb_image src=&#8221;https:\/\/clio.usherbrooke.ca\/ecole2025\/wp-content\/uploads\/2025\/07\/Agriculture.png&#8221; alt=&#8221;Agriculture&#8221; title_text=&#8221;Agriculture&#8221; url=&#8221;@ET-DC@eyJkeW5hbWljIjp0cnVlLCJjb250ZW50IjoicG9zdF9saW5rX3VybF9wYWdlIiwic2V0dGluZ3MiOnsicG9zdF9pZCI6IjY1NCJ9fQ==@&#8221; admin_label=&#8221;Agriculture&#8221; _builder_version=&#8221;4.27.4&#8243; _dynamic_attributes=&#8221;url&#8221; _module_preset=&#8221;default&#8221; global_colors_info=&#8221;{}&#8221; src__hover_enabled=&#8221;on|hover&#8221; src__hover=&#8221;https:\/\/clio.usherbrooke.ca\/ecole2025\/wp-content\/uploads\/2025\/10\/Agriculture_selectionne.png&#8221;][\/et_pb_image][\/et_pb_column][et_pb_column type=&#8221;1_5&#8243; _builder_version=&#8221;4.27.4&#8243; _module_preset=&#8221;default&#8221; global_colors_info=&#8221;{}&#8221;][et_pb_image src=&#8221;https:\/\/clio.usherbrooke.ca\/ecole2025\/wp-content\/uploads\/2025\/07\/Chasse.png&#8221; alt=&#8221;Chasse&#8221; title_text=&#8221;Territoire&#8221; url=&#8221;@ET-DC@eyJkeW5hbWljIjp0cnVlLCJjb250ZW50IjoicG9zdF9saW5rX3VybF9wYWdlIiwic2V0dGluZ3MiOnsicG9zdF9pZCI6IjkzIn19@&#8221; src_last_edited=&#8221;off|desktop&#8221; _builder_version=&#8221;4.27.4&#8243; _dynamic_attributes=&#8221;url&#8221; _module_preset=&#8221;default&#8221; global_colors_info=&#8221;{}&#8221; src__hover_enabled=&#8221;on|hover&#8221; src__hover=&#8221;https:\/\/clio.usherbrooke.ca\/ecole2025\/wp-content\/uploads\/2025\/10\/Chasse_selectionne.png&#8221;][\/et_pb_image][\/et_pb_column][et_pb_column type=&#8221;1_5&#8243; _builder_version=&#8221;4.27.4&#8243; _module_preset=&#8221;default&#8221; global_colors_info=&#8221;{}&#8221;][et_pb_image src=&#8221;https:\/\/clio.usherbrooke.ca\/ecole2025\/wp-content\/uploads\/2025\/07\/Education.png&#8221; alt=&#8221;\u00c9ducation&#8221; title_text=&#8221;\u00c9ducation&#8221; url=&#8221;@ET-DC@eyJkeW5hbWljIjp0cnVlLCJjb250ZW50IjoicG9zdF9saW5rX3VybF9wYWdlIiwic2V0dGluZ3MiOnsicG9zdF9pZCI6IjEwMSJ9fQ==@&#8221; _builder_version=&#8221;4.27.4&#8243; _dynamic_attributes=&#8221;url&#8221; _module_preset=&#8221;default&#8221; global_colors_info=&#8221;{}&#8221; src__hover_enabled=&#8221;on|hover&#8221; src__hover=&#8221;https:\/\/clio.usherbrooke.ca\/ecole2025\/wp-content\/uploads\/2025\/10\/Education_selectionne.png&#8221;][\/et_pb_image][\/et_pb_column][et_pb_column type=&#8221;1_5&#8243; _builder_version=&#8221;4.27.4&#8243; _module_preset=&#8221;default&#8221; global_colors_info=&#8221;{}&#8221;][et_pb_image src=&#8221;https:\/\/clio.usherbrooke.ca\/ecole2025\/wp-content\/uploads\/2025\/07\/presents.png&#8221; alt=&#8221;Pr\u00e9sents&#8221; title_text=&#8221;Pr\u00e9sents&#8221; url=&#8221;@ET-DC@eyJkeW5hbWljIjp0cnVlLCJjb250ZW50IjoicG9zdF9saW5rX3VybF9wYWdlIiwic2V0dGluZ3MiOnsicG9zdF9pZCI6IjExMSJ9fQ==@&#8221; _builder_version=&#8221;4.27.4&#8243; _dynamic_attributes=&#8221;url&#8221; _module_preset=&#8221;default&#8221; global_colors_info=&#8221;{}&#8221; src__hover_enabled=&#8221;on|hover&#8221; src__hover=&#8221;https:\/\/clio.usherbrooke.ca\/ecole2025\/wp-content\/uploads\/2025\/10\/presents_selectionne.png&#8221;][\/et_pb_image][\/et_pb_column][et_pb_column type=&#8221;1_5&#8243; _builder_version=&#8221;4.27.4&#8243; _module_preset=&#8221;default&#8221; global_colors_info=&#8221;{}&#8221;][et_pb_image src=&#8221;https:\/\/clio.usherbrooke.ca\/ecole2025\/wp-content\/uploads\/2025\/07\/justices.png&#8221; alt=&#8221;Justice et gouvernance&#8221; title_text=&#8221;Justice&#8221; url=&#8221;@ET-DC@eyJkeW5hbWljIjp0cnVlLCJjb250ZW50IjoicG9zdF9saW5rX3VybF9wYWdlIiwic2V0dGluZ3MiOnsicG9zdF9pZCI6IjExOCJ9fQ==@&#8221; _builder_version=&#8221;4.27.4&#8243; _dynamic_attributes=&#8221;url&#8221; _module_preset=&#8221;default&#8221; global_colors_info=&#8221;{}&#8221; src__hover_enabled=&#8221;on|hover&#8221; src__hover=&#8221;https:\/\/clio.usherbrooke.ca\/ecole2025\/wp-content\/uploads\/2025\/10\/justices_selectionne.png&#8221;][\/et_pb_image][\/et_pb_column][\/et_pb_row][\/et_pb_section][et_pb_section fb_built=&#8221;1&#8243; next_background_color=&#8221;#ffffff&#8221; _builder_version=&#8221;4.27.4&#8243; _module_preset=&#8221;default&#8221; background_color=&#8221;#FEF7E8&#8243; bottom_divider_style=&#8221;arrow3&#8243; global_colors_info=&#8221;{}&#8221;][et_pb_row _builder_version=&#8221;4.27.4&#8243; _module_preset=&#8221;default&#8221; custom_padding=&#8221;||0px||false|false&#8221; global_colors_info=&#8221;{}&#8221;][et_pb_column type=&#8221;4_4&#8243; _builder_version=&#8221;4.27.4&#8243; _module_preset=&#8221;default&#8221; global_colors_info=&#8221;{}&#8221;][et_pb_heading title=&#8221;L&#8217;\u00e9cole d&#8217;\u00e9t\u00e9 en bref&#8221; _builder_version=&#8221;4.27.4&#8243; _module_preset=&#8221;default&#8221; title_level=&#8221;h2&#8243; title_font=&#8221;|700|||||||&#8221; title_text_align=&#8221;center&#8221; title_text_color=&#8221;#000000&#8243; custom_margin=&#8221;||10px||false|false&#8221; global_colors_info=&#8221;{}&#8221;][\/et_pb_heading][\/et_pb_column][\/et_pb_row][et_pb_row column_structure=&#8221;1_3,1_3,1_3&#8243; use_custom_gutter=&#8221;on&#8221; gutter_width=&#8221;2&#8243; _builder_version=&#8221;4.27.4&#8243; _module_preset=&#8221;default&#8221; custom_padding=&#8221;||140px||false|false&#8221; global_colors_info=&#8221;{}&#8221;][et_pb_column type=&#8221;1_3&#8243; _builder_version=&#8221;4.27.4&#8243; _module_preset=&#8221;default&#8221; global_colors_info=&#8221;{}&#8221;][difl_flipbox title_front=&#8221;\u00c0 propos&#8221; content_back=&#8221;<\/p>\n<p><span>L&#8217;\u00e9cole d&#8217;\u00e9t\u00e9 interordre C\u00e9gep de Sherbrooke et Universit\u00e9 de Sherbrooke est une initiative qui permet aux \u00e9tudiantes et aux \u00e9tudiants des deux institutions de partager une exp\u00e9rience commune d&#8217;immersion en archives. L&#8217;\u00e9dition 2025 est consacr\u00e9e aux communaut\u00e9s w8banakiak au XIXe si\u00e8cle. <\/span><\/p>\n<p><span>Le projet b\u00e9n\u00e9ficie de l&#8217;appui des deux institutions, du Indigenous Student Support Centre de l&#8217;Universit\u00e9 Bishop&#8217;s, du Comit\u00e9 w8banaki de coordination de la recherche, ainsi que de l&#8217;appui financier du P\u00f4le r\u00e9gional en enseignement sup\u00e9rieur de l&#8217;Estrie (PRESE). <\/span><\/p>\n<p>&#8221; fb_back_align=&#8221;center&#8221; use_height=&#8221;on&#8221; fb_height=&#8221;400px&#8221; fb_btn_button_url_new_window=&#8221;1&#8243; fb_background_background_image=&#8221;https:\/\/clio.usherbrooke.ca\/ecole2025\/wp-content\/uploads\/2025\/10\/Stanstead1.jpg&#8221; fb_background_background_image_position=&#8221;bottom_right&#8221; fb_back_background_bgcolor=&#8221;RGBA(255,255,255,0)&#8221; fb_back_background_use_gradient=&#8221;on&#8221; fb_back_background_color_gradient_1=&#8221;rgba(166,61,64,0.75)&#8221; fb_back_background_color_gradient_2=&#8221;rgba(166,61,64,0.75)&#8221; fb_back_background_above_image=&#8221;on&#8221; fb_back_background_background_image=&#8221;https:\/\/clio.usherbrooke.ca\/ecole2025\/wp-content\/uploads\/2025\/10\/Stanstead1.jpg&#8221; fb_back_background_background_image_position=&#8221;bottom_right&#8221; text_back_padding=&#8221;|15px||15px|false|false&#8221; _builder_version=&#8221;4.27.4&#8243; _module_preset=&#8221;default&#8221; title_font=&#8221;|800|||||||&#8221; title_text_align=&#8221;center&#8221; title_text_color=&#8221;#FEF7E8&#8243; title_font_size=&#8221;32px&#8221; title_line_height=&#8221;3em&#8221; content_back_text_align=&#8221;justify&#8221; content_back_text_color=&#8221;#ffffff&#8221; content_back_font_size=&#8221;13px&#8221; custom_margin=&#8221;||||false|false&#8221; custom_padding=&#8221;0px||||false|false&#8221; border_width_all=&#8221;3px&#8221; global_colors_info=&#8221;{}&#8221; title_text_color__hover_enabled=&#8221;on|desktop&#8221; title_text_color__hover=&#8221;#A63D40&#8243;][\/difl_flipbox][\/et_pb_column][et_pb_column type=&#8221;1_3&#8243; _builder_version=&#8221;4.27.4&#8243; _module_preset=&#8221;default&#8221; global_colors_info=&#8221;{}&#8221;][difl_flipbox title_front=&#8221;Projet&#8221; content_back=&#8221;<\/p>\n<p><span>\u00c9labor\u00e9 en collaboration avec le Comit\u00e9 w8banaki de coordination de la recherche, l&#8217;\u00e9cole d&#8217;\u00e9t\u00e9 a pour objectif de mieux comprendre l&#8217;histoire des communaut\u00e9s w8banakiak au XIXe si\u00e8cle. \u00c0 partir de sources de l&#8217;\u00e9poque, cinq \u00e9quipes form\u00e9es d&#8217;\u00e9tudiantes et d&#8217;\u00e9tudiants provenant du c\u00e9gep et de l&#8217;universit\u00e9 vont \u00e9tudier cinq th\u00e8mes.<\/span><\/p>\n<p>&#8221; fb_back_align=&#8221;center&#8221; use_height=&#8221;on&#8221; fb_height=&#8221;400px&#8221; fb_btn_button_url_new_window=&#8221;1&#8243; fb_background_background_image=&#8221;https:\/\/clio.usherbrooke.ca\/ecole2025\/wp-content\/uploads\/2025\/10\/Stanstead2.jpg&#8221; fb_background_background_image_position=&#8221;bottom_right&#8221; fb_back_background_bgcolor=&#8221;#ffffff&#8221; fb_back_background_use_gradient=&#8221;on&#8221; fb_back_background_color_gradient_1=&#8221;rgba(166,61,64,0.75)&#8221; fb_back_background_color_gradient_2=&#8221;rgba(166,61,64,0.75)&#8221; fb_back_background_above_image=&#8221;on&#8221; fb_back_background_background_image=&#8221;https:\/\/clio.usherbrooke.ca\/ecole2025\/wp-content\/uploads\/2025\/10\/Stanstead2.jpg&#8221; text_back_padding=&#8221;|15px||15px|false|false&#8221; _builder_version=&#8221;4.27.4&#8243; _module_preset=&#8221;default&#8221; title_font=&#8221;|800|||||||&#8221; title_text_align=&#8221;center&#8221; title_text_color=&#8221;#FEF7E8&#8243; title_font_size=&#8221;32px&#8221; title_line_height=&#8221;3em&#8221; content_back_text_align=&#8221;justify&#8221; content_back_text_color=&#8221;#ffffff&#8221; content_back_font_size=&#8221;13px&#8221; custom_margin=&#8221;||||false|false&#8221; custom_padding=&#8221;0px||||false|false&#8221; border_width_all=&#8221;3px&#8221; global_colors_info=&#8221;{}&#8221; title_text_color__hover_enabled=&#8221;on|desktop&#8221; title_text_color__hover=&#8221;#A63D40&#8243;][\/difl_flipbox][\/et_pb_column][et_pb_column type=&#8221;1_3&#8243; _builder_version=&#8221;4.27.4&#8243; _module_preset=&#8221;default&#8221; global_colors_info=&#8221;{}&#8221;][difl_flipbox title_front=&#8221;\u00c9quipe&#8221; content_back=&#8221;<\/p>\n<p>Le projet est dirig\u00e9 \u00e0 l&#8217;Universit\u00e9 de Sherbrooke par Nathan Ince et L\u00e9on Robichaud, au C\u00e9gep de Sherbrooke par Caroline Desruisseaux.<\/p>\n<p>\u00c9tudiants: <span data-contrast=%22auto%22 xml:lang=%22FR-CA%22 lang=%22FR-CA%22 class=%22TextRun SCXW188731634 BCX0%22><span class=%22NormalTextRun SCXW188731634 BCX0%22>F\u00e9lix Boulanger-Martin, Audrey-<\/span><span class=%22NormalTextRun SpellingErrorV2Themed SCXW188731634 BCX0%22>Anne Bou<\/span><span class=%22NormalTextRun SpellingErrorV2Themed SCXW188731634 BCX0%22>rque<\/span><span class=%22NormalTextRun SpellingErrorV2Themed SCXW188731634 BCX0%22>, <\/span><\/span>Florence Carbonneau, <span class=%22NormalTextRun SpellingErrorV2Themed SCXW188731634 BCX0%22>Xav<\/span><span class=%22NormalTextRun SCXW188731634 BCX0%22>ier Carbonneau, <\/span>Laurie Dable, Nancy Francoeur, William Gosselin, Hugo Grondin, Sacha Guimont, Katty Hatch, Elysabelle Lachance, Jenny Lafreni\u00e8re, Charles- Myrelle Paradis, <span class=%22NormalTextRun SCXW188731634 BCX0%22>Charles<\/span><span class=%22NormalTextRun SCXW188731634 BCX0%22> <\/span><span class=%22NormalTextRun SpellingErrorV2Themed SCXW188731634 BCX0%22>Patry, <\/span>Audrey-Anne Pellerin, Dana\u00eblle Robert, <span data-contrast=%22auto%22 xml:lang=%22FR-CA%22 lang=%22FR-CA%22 class=%22TextRun SCXW188731634 BCX0%22><span class=%22NormalTextRun SCXW188731634 BCX0%22>Jade Robillard, Fr\u00e9d\u00e9rique Tremblay, <\/span><\/span>Liam Tremblay, Joelle Verreault, Xavier Vigneault<\/p>\n<p><span data-contrast=%22auto%22 xml:lang=%22FR-CA%22 lang=%22FR-CA%22 class=%22TextRun SCXW188731634 BCX0%22><span class=%22NormalTextRun SCXW188731634 BCX0%22><\/span><\/span>Photographie et documentaire: St\u00e9phanie Lanthier et Florence Trigaux<br \/>Conceptrice du site web: Sonia Blouin<\/p>\n<p><span class=%22NormalTextRun SCXW188731634 BCX0%22><\/span><\/p>\n<p>&#8221; fb_back_align=&#8221;center&#8221; use_height=&#8221;on&#8221; fb_height=&#8221;400px&#8221; fb_btn_button_url_new_window=&#8221;1&#8243; fb_background_background_image=&#8221;https:\/\/clio.usherbrooke.ca\/ecole2025\/wp-content\/uploads\/2025\/10\/Stanstead3.jpg&#8221; fb_background_background_image_position=&#8221;bottom_right&#8221; fb_back_background_bgcolor=&#8221;#ffffff&#8221; fb_back_background_use_gradient=&#8221;on&#8221; fb_back_background_color_gradient_1=&#8221;rgba(166,61,64,0.75)&#8221; fb_back_background_color_gradient_2=&#8221;rgba(166,61,64,0.75)&#8221; fb_back_background_above_image=&#8221;on&#8221; fb_back_background_background_image=&#8221;https:\/\/clio.usherbrooke.ca\/ecole2025\/wp-content\/uploads\/2025\/10\/Stanstead3.jpg&#8221; text_back_padding=&#8221;|15px||15px|false|false&#8221; _builder_version=&#8221;4.27.4&#8243; _module_preset=&#8221;default&#8221; title_font=&#8221;|800|||||||&#8221; title_text_align=&#8221;center&#8221; title_text_color=&#8221;#FEF7E8&#8243; title_font_size=&#8221;32px&#8221; title_line_height=&#8221;3em&#8221; content_back_text_align=&#8221;justify&#8221; content_back_text_color=&#8221;#ffffff&#8221; content_back_font_size=&#8221;13px&#8221; custom_margin=&#8221;||||false|false&#8221; custom_padding=&#8221;0px||||false|false&#8221; border_width_all=&#8221;3px&#8221; global_colors_info=&#8221;{}&#8221; title_text_color__hover_enabled=&#8221;on|desktop&#8221; title_text_color__hover=&#8221;#A63D40&#8243;][\/difl_flipbox][\/et_pb_column][\/et_pb_row][\/et_pb_section][et_pb_section fb_built=&#8221;1&#8243; next_background_color=&#8221;#FEF7E8&#8243; _builder_version=&#8221;4.27.4&#8243; _module_preset=&#8221;default&#8221; bottom_divider_style=&#8221;arrow3&#8243; global_colors_info=&#8221;{}&#8221;][et_pb_row _builder_version=&#8221;4.27.4&#8243; _module_preset=&#8221;default&#8221; custom_padding=&#8221;||140px||false|false&#8221; global_colors_info=&#8221;{}&#8221;][et_pb_column type=&#8221;4_4&#8243; _builder_version=&#8221;4.27.4&#8243; _module_preset=&#8221;default&#8221; global_colors_info=&#8221;{}&#8221;][et_pb_heading title=&#8221;\u00c9cole d&#8217;\u00e9t\u00e9: explorer l&#8217;histoire des communaut\u00e9s d&#8217;Odanak et de W8linak&#8221; _builder_version=&#8221;4.27.4&#8243; _module_preset=&#8221;default&#8221; title_level=&#8221;h2&#8243; title_font=&#8221;|700|||||||&#8221; title_text_align=&#8221;center&#8221; title_text_color=&#8221;#000000&#8243; custom_margin=&#8221;||10px||false|false&#8221; global_colors_info=&#8221;{}&#8221;][\/et_pb_heading][et_pb_code _builder_version=&#8221;4.27.4&#8243; _module_preset=&#8221;default&#8221; global_colors_info=&#8221;{}&#8221;]<iframe loading=\"lazy\" width=\"560\" height=\"315\" src=\"https:\/\/www.youtube-nocookie.com\/embed\/RqhE_ntJ8ug?si=rcQvJswOUpW7vnMi\" title=\"YouTube video player\" frameborder=\"0\" allow=\"accelerometer; autoplay; clipboard-write; encrypted-media; gyroscope; picture-in-picture; web-share\" referrerpolicy=\"strict-origin-when-cross-origin\" allowfullscreen><\/iframe>[\/et_pb_code][\/et_pb_column][\/et_pb_row][\/et_pb_section][et_pb_section fb_built=&#8221;1&#8243; _builder_version=&#8221;4.27.4&#8243; _module_preset=&#8221;default&#8221; background_color=&#8221;#FEF7E8&#8243; global_colors_info=&#8221;{}&#8221;][et_pb_row _builder_version=&#8221;4.27.4&#8243; _module_preset=&#8221;default&#8221; global_colors_info=&#8221;{}&#8221;][et_pb_column type=&#8221;4_4&#8243; _builder_version=&#8221;4.27.4&#8243; _module_preset=&#8221;default&#8221; global_colors_info=&#8221;{}&#8221;][et_pb_heading title=&#8221;L&#8217;\u00e9cole d&#8217;\u00e9t\u00e9 en images&#8221; _builder_version=&#8221;4.27.4&#8243; _module_preset=&#8221;default&#8221; title_level=&#8221;h2&#8243; title_font=&#8221;|700|||||||&#8221; title_text_align=&#8221;center&#8221; title_text_color=&#8221;#000000&#8243; custom_margin=&#8221;||10px||false|false&#8221; global_colors_info=&#8221;{}&#8221;][\/et_pb_heading][\/et_pb_column][\/et_pb_row][et_pb_row _builder_version=&#8221;4.27.4&#8243; _module_preset=&#8221;default&#8221; global_colors_info=&#8221;{}&#8221;][et_pb_column type=&#8221;4_4&#8243; _builder_version=&#8221;4.27.4&#8243; _module_preset=&#8221;default&#8221; global_colors_info=&#8221;{}&#8221;][difl_packerygallery gallery=&#8221;971,968,965,962,964,956,957,939,941,936,945,925,933,917,901,894,891,890,887,884,969,961,960,959,958,955,953,952,950,949,914,954,951,948,912,919,916,905,967,963,947,946,942,940,937,935,921,920,904,907,896,895,892,889,943,970,966,944,938,934,932,931,930,929,928,927,926,924,923,922,918,915,913,910,908,906,903,902,897,899&#8243; _builder_version=&#8221;4.27.4&#8243; _module_preset=&#8221;default&#8221; hover_enabled=&#8221;0&#8243; global_colors_info=&#8221;{}&#8221; admin_label=&#8221;Packery Gallery&#8221; use_lightbox=&#8221;on&#8221; sticky_enabled=&#8221;0&#8243;][\/difl_packerygallery][\/et_pb_column][\/et_pb_row][\/et_pb_section]<\/p>\n","protected":false},"excerpt":{"rendered":"<p>LES COMMUNAUT\u00c9S W8BANAKIAK AU XIXe SI\u00c8CLEInitiations, Adaptations, R\u00e9sistances<div class=\"et_pb_module difl_flipbox difl_flipbox_0\">\n\t\t\t\t\n\t\t\t\t\n\t\t\t\t\n\t\t\t\t\n\t\t\t\t\n\t\t\t\t\n\t\t\t\t<div class=\"et_pb_module_inner\">\n\t\t\t\t\t<div class=\"df_flipbox_container rotate rotate_left\">\r\n                <div class=\"df_flipbox_body\">\r\n                    <div class=\"df_fb_front\">\r\n                        <div class=\"fb_inner\">\r\n                            <div class=\"fb_inner_content\"><h4 class=\"title\">&#8221;\u00c0<\/h4><\/div>\r\n                        <\/div>\r\n                    <\/div>\r\n                    <div class=\"df_fb_back\">\r\n                        <div class=\"fb_inner\">\r\n                            <div class=\"fb_inner_content\"><div class=\"fb-text\">\u201dL\u2019\u00e9cole<\/div><\/div>\r\n                        <\/div>\r\n                    <\/div>\r\n                <\/div>\r\n            <\/div>\n\t\t\t\t<\/div>\n\t\t\t<\/div><\/p>\n","protected":false},"author":1,"featured_media":0,"parent":0,"menu_order":0,"comment_status":"closed","ping_status":"closed","template":"","meta":{"_et_pb_use_builder":"on","_et_pb_old_content":"","_et_gb_content_width":"","footnotes":""},"difl_page_category":[],"class_list":["post-8","page","type-page","status-publish","hentry"],"_links":{"self":[{"href":"https:\/\/clio.usherbrooke.ca\/ecole2025\/wp-json\/wp\/v2\/pages\/8","targetHints":{"allow":["GET"]}}],"collection":[{"href":"https:\/\/clio.usherbrooke.ca\/ecole2025\/wp-json\/wp\/v2\/pages"}],"about":[{"href":"https:\/\/clio.usherbrooke.ca\/ecole2025\/wp-json\/wp\/v2\/types\/page"}],"author":[{"embeddable":true,"href":"https:\/\/clio.usherbrooke.ca\/ecole2025\/wp-json\/wp\/v2\/users\/1"}],"replies":[{"embeddable":true,"href":"https:\/\/clio.usherbrooke.ca\/ecole2025\/wp-json\/wp\/v2\/comments?post=8"}],"version-history":[{"count":66,"href":"https:\/\/clio.usherbrooke.ca\/ecole2025\/wp-json\/wp\/v2\/pages\/8\/revisions"}],"predecessor-version":[{"id":988,"href":"https:\/\/clio.usherbrooke.ca\/ecole2025\/wp-json\/wp\/v2\/pages\/8\/revisions\/988"}],"wp:attachment":[{"href":"https:\/\/clio.usherbrooke.ca\/ecole2025\/wp-json\/wp\/v2\/media?parent=8"}],"wp:term":[{"taxonomy":"difl_page_category","embeddable":true,"href":"https:\/\/clio.usherbrooke.ca\/ecole2025\/wp-json\/wp\/v2\/difl_page_category?post=8"}],"curies":[{"name":"wp","href":"https:\/\/api.w.org\/{rel}","templated":true}]}}